hat is the greatest common divisor of 104 and 755716?
52
Calculate the highest common factor of 953 and 369999391.
953
What is the greatest common divisor of 4 and 306368276?
4
What is the greatest common divisor of 38430 and 170590?
70
What is the highest common factor of 6147 and 498762?
9
What is the highest common divisor of 8110468 and 155?
31
What is the greatest common divisor of 1423550 and 1920?
10
Calculate the highest common divisor of 20992 and 8483968.
128
What is the highest common factor of 72 and 302214258?
18
What is the greatest common divisor of 7329 and 20368338?
1047
What is the greatest common divisor of 36747 and 5429029?
1361
What is the greatest common factor of 252005586 and 714?
714
Calculate the highest common divisor of 1317112 and 391355.
2699
What is the highest common divisor of 739131 and 139974?
1707
What is the highest common divisor of 14 and 11057851?
7
What is the greatest common divisor of 5710 and 2906469940?
5710
Calculate the greatest common factor of 8280935 and 1625.
65
What is the highest common factor of 33430250 and 4250?
250
Calculate the highest common divisor of 25 and 6498795.
5
What is the highest common divisor of 1304 and 117064?
8
What is the greatest common divisor of 4190 and 175580274?
838
Calculate the highest common divisor of 91954 and 268272.
46
What is the highest common factor of 3888 and 3854394?
18
Calculate the greatest common factor of 1030158 and 432.
54
Calculate the highest common factor of 85547670 and 9360.
390
What is the greatest common factor of 1305 and 1949445?
45
What is the highest common factor of 112 and 9367750?
14
What is the highest common factor of 237672696 and 8256?
1032
Calculate the highest common factor of 20912 and 1222.
2
What is the highest common divisor of 646571359 and 1883?
1883
What is the highest common divisor of 1655136 and 105168?
336
What is the highest common factor of 629 and 2753027957?
629
Calculate the highest common divisor of 125072940 and 3480.
1740
What is the highest common divisor of 36659 and 566265?
7
Calculate the greatest common divisor of 588534957 and 27.
27
What is the greatest common factor of 2524177 and 481?
37
What is the greatest common divisor of 134014 and 19479116?
3622
Calculate the highest common factor of 2346 and 17467908.
102
What is the highest common factor of 14 and 8162182?
14
What is the highest common factor of 1080 and 350160?
120
Calculate the greatest common divisor of 7830 and 23469642.
1566
What is the highest common factor of 38129675 and 380?
95
What is the highest common divisor of 21778516 and 1380?
92
What is the greatest common factor of 56 and 47867736?
56
Calculate the greatest common divisor of 9492 and 146748.
84
Calculate the greatest common divisor of 5915545 and 485.
485
Calculate the highest common divisor of 303118 and 9176.
62
What is the highest common divisor of 116 and 866149931?
29
What is the highest common factor of 14156374 and 24638?
194
What is the highest common divisor of 14935 and 64860645?
515
Calculate the highest common factor of 18331504 and 141.
47
Calculate the highest common factor of 1408770 and 173250.
990
Calculate the greatest common divisor of 713 and 25487611.
713
Calculate the highest common divisor of 6901528 and 6181.
883
What is the greatest common factor of 101895 and 1470?
15
Calculate the greatest common factor of 336552 and 2287488.
888
Calculate the highest common factor of 10665880 and 80.
40
Calculate the greatest common factor of 24 and 4691298.
6
Calculate the greatest common divisor of 496025 and 9875.
25
Calculate the highest common factor of 2015944 and 1504.
8
Calculate the highest common divisor of 2748 and 81350876.
916
Calculate the highest common factor of 234632 and 71446.
278
What is the greatest common factor of 59080 and 19810?
70
Calculate the highest common factor of 10094 and 670222.
98
What is the greatest common factor of 3442577 and 568?
71
What is the greatest common divisor of 31 and 1903136872?
31
Calculate the highest common divisor of 366 and 157829631.
183
What is the highest common factor of 897 and 10069046?
13
What is the greatest common factor of 96440032 and 416?
416
What is the greatest common factor of 7692 and 3319739?
641
Calculate the highest common divisor of 374145 and 3060.
15
Calculate the highest common factor of 59086 and 4960.
62
What is the greatest common factor of 21510 and 1104282?
18
What is the greatest common factor of 126435086 and 1006?
1006
What is the highest common divisor of 3464970 and 540?
30
Calculate the highest common factor of 30519 and 4560895.
3391
What is the greatest common factor of 1229809 and 9?
1
Calculate the highest common divisor of 2006 and 6436268.
34
What is the greatest common divisor of 90440 and 177992?
152
What is the greatest common factor of 876 and 4405268?
4
Calculate the greatest common factor of 50 and 650725.
25
Calculate the highest common factor of 34626 and 4584.
6
What is the greatest common divisor of 394581 and 1256343?
363
What is the greatest common factor of 35260704 and 648?
216
Calculate the greatest common divisor of 29095 and 416515.
55
Calculate the highest common factor of 37776933 and 531.
531
Calculate the highest common divisor of 113400 and 30300.
300
Calculate the highest common divisor of 94266443 and 667.
667
Calculate the greatest common divisor of 3390343 and 11308.
11
Calculate the greatest common divisor of 25124922 and 18.
18
Calculate the greatest common divisor of 443000 and 48680.
40
Calculate the highest common factor of 34573 and 28791.
7
Calculate the greatest common divisor of 56 and 457064426.
14
What is the highest common factor of 1204 and 656432?
28
What is the highest common factor of 54485217 and 342?
171
Calculate the highest common divisor of 97270 and 23861290.
1370
Calculate the highest common factor of 4790 and 2959970920.
4790
Calculate the greatest common factor of 336 and 271005273.
21
Calculate the highest common factor of 40 and 12962250.
10
Calculate the highest common divisor of 533 and 1274598.
13
What is the greatest common factor of 296 and 53194?
2
What is the greatest common divisor of 460 and 7131260?
20
Calculate the highest common divisor of 7856 and 84608.
16
What is the greatest common factor of 31 and 181504225?
31
What is the highest common divisor of 346 and 59779631?
173
Calculate the highest common divisor of 2921782 and 142462.
874
What is the greatest common factor of 7486019 and 332?
83
What is the greatest common factor of 57104 and 3541112?
664
Calculate the greatest common factor of 17942197 and 14.
7
What is the highest common divisor of 4019318 and 1208?
302
Calculate the highest common factor of 24672348 and 53.
53
Calculate the highest common divisor of 245 and 98.
49
Calculate the greatest common factor of 10004 and 14701.
61
Calculate the highest common factor of 1180 and 327420.
20
Calculate the greatest common factor of 29216 and 297968.
176
Calculate the highest common factor of 8623109 and 407.
407
Calculate the highest common factor of 10003328 and 27776.
3968
Calculate the highest common factor of 884205 and 135.
45
What is the highest common divisor of 2962 and 63098005?
1481
What is the highest common factor of 6535 and 122208421?
1307
Calculate the highest common factor of 309505 and 11875150.
1295
Calculate the greatest common divisor of 219701 and 5976.
83
Calculate the greatest common divisor of 761237204 and 1064.
532
Calculate the highest common divisor of 71544994 and 3954.
1318
Calculate the highest common divisor of 2663514075 and 15.
15
Calculate the highest common divisor of 60390800 and 1328.
1328
Calculate the highest common divisor of 19449756 and 54.
18
What is the greatest common divisor of 216229513 and 218?
109
Calculate the highest common factor of 760 and 9268580.
380
Calculate the greatest common divisor of 353085309 and 63.
9
What is the greatest common factor of 3785 and 90990643?
757
What is the highest common factor of 10398867 and 11190?
1119
Calculate the highest common divisor of 28848 and 2644.
4
Calculate the greatest common divisor of 5375 and 329982.
43
What is the highest common factor of 2485 and 69461?
7
What is the greatest common factor 